
Let u(g) = 8*g**3 - 3*g**2 + 165*g - 639. Determine u(4).
485
Let x(z) = 248*z + 2225. Give x(-9).
-7
Let k(u) = 2*u**3 + 173*u**2 - 108*u - 1831. Determine k(-87).
-4
Let s(z) = -1303*z + 23448. Give s(18).
-6
Let j(l) = -18*l**3 + 2*l**2 + 323*l + 322. Determine j(-1).
19
Let n(z) = 877*z + 8760. What is n(-10)?
-10
Let m(a) = -54*a + 2820. Give m(50).
120
Let f(b) = 403*b - 1490. Calculate f(4).
122
Let y(c) = -58*c**2 + 458*c + 49. Calculate y(8).
1
Let s(n) = -4937*n + 93803. Give s(19).
0
Let u(h) = 774*h - 1060. Calculate u(2).
488
Let a(o) = -7*o**2 - 3*o + 138. What is a(5)?
-52
Let y(v) = v**2 + 23*v - 16. Calculate y(-18).
-106
Let d(s) = -s**2 - 38*s + 541. Give d(-49).
2
Let q(w) = -w - 120. What is q(-59)?
-61
Let q(k) = 4749*k + 14242. What is q(-3)?
-5
Let b(t) = t**3 + 6*t**2 - 82*t - 526. Calculate b(-7).
-1
Let c(w) = -w**2 + 15*w + 96. Calculate c(20).
-4
Let r(c) = 716*c + 5009. What is r(-7)?
-3
Let o(u) = -49*u**3 - 6*u**2 + 16*u - 4. Determine o(2).
-388
Let j(k) = 2*k**3 - 20*k**2 + 8*k - 13. Calculate j(10).
67
Let i(b) = -b**3 + 31*b**2 + 31*b + 95. Determine i(32).
63
Let l(m) = -88*m + 3140. Give l(36).
-28
Let z(q) = 2*q**3 + 4*q**2 - 8*q + 2. Determine z(-4).
-30
Let t(m) = -16*m**2 - 48*m + 106. Determine t(2).
-54
Let y(p) = p**3 - 52*p**2 + 677*p - 57. Give y(27).
-3
Let h(c) = -10*c**3 + 19*c**2 - 38*c + 74. Calculate h(2).
-6
Let z(v) = v**3 + 16*v**2 + 54*v - 7. Calculate z(-11).
4
Let g(i) = -125*i**3 - 2*i**2 + 4*i + 5. Give g(-1).
124
Let o(i) = i**2 + 324*i + 6659. What is o(-22)?
15
Let k(b) = -b**2 - 138*b - 1380. What is k(-127)?
17
Let r(w) = w**3 + 7*w**2 + 24*w + 185. Determine r(-8).
-71
Let g(c) = -c**3 - 32*c**2 - 260*c - 89. Determine g(-17).
-4
Let o(p) = -p**2 + 3*p + 136. Calculate o(13).
6
Let c(j) = 6640*j + 39832. What is c(-6)?
-8
Let p(i) = 4*i. Give p(7).
28
Let q(z) = z**2 + 60*z + 317. Determine q(-53).
-54
Let f(b) = -b**2 + 22*b + 9879. What is f(111)?
0
Let h(b) = -2*b**3 + 88*b**2 + 105*b - 641. Calculate h(45).
34
Let m(r) = -7*r**2 + 116*r + 428. Give m(20).
-52
Let j(l) = l**2 + 17*l - 101. What is j(-14)?
-143
Let p(l) = -3*l**2 + 145*l + 62. Calculate p(50).
-188
Let v(y) = -21*y - 1491. Calculate v(-57).
-294
Let k(s) = -s**2 + 11*s - 40. Determine k(7).
-12
Let l(w) = -w**3 - 10*w**2 - 18*w - 22. What is l(-8)?
-6
Let y(c) = c**2 - 12*c - 1972. Give y(-34).
-408
Let s(z) = z**2 + 35*z + 315. Calculate s(-18).
9
Let c(d) = 2*d**3 - 5*d**2 - 294*d + 870. Determine c(3).
-3
Let j(c) = -10*c**2 - 18*c - 58. Give j(-3).
-94
Let t(b) = b**3 - 6*b**2 - 161*b + 1104. What is t(7)?
26
Let m(o) = 239*o**2 + 6*o + 1. What is m(-1)?
234
Let p(a) = -2*a**3 - 28*a**2 - 65*a - 3. Give p(-11).
-14
Let r(a) = -6*a + 82. Determine r(7).
40
Let d(j) = 2*j**2 + 15*j + 8. Calculate d(-15).
233
Let x(t) = 77*t - 8911. Determine x(116).
21
Let q(k) = 19*k + 492. What is q(-27)?
-21
Let k(n) = 9*n**2 - 25*n + 6. Determine k(3).
12
Let q(p) = -p**3 + 125*p - 54. Determine q(11).
-10
Let u(y) = -323*y + 10883. Determine u(34).
-99
Let w(m) = 81*m + 68. Give w(2).
230
Let l(k) = -59*k + 8075. Calculate l(137).
-8
Let q(p) = -p**2 - 546*p - 3788. Determine q(-7).
-15
Let y(u) = -4*u**3 + 157*u**2 + 116*u + 175. Determine y(40).
15
Let n(b) = 160*b - 6008. Calculate n(38).
72
Let w(m) = -2*m**2 + 72*m - 69. Give w(35).
1
Let d(n) = 24*n + 34. Give d(-2).
-14
Let w(k) = -17*k - 104. Calculate w(-8).
32
Let t(i) = -21*i**2 + 188*i + 11. Calculate t(9).
2
Let u(o) = 9*o**3 - 58*o**2 + 16*o - 27. Give u(6).
-75
Let d(x) = -6*x - 37. Give d(-5).
-7
Let j(x) = 10707*x - 21417. Calculate j(2).
-3
Let d(p) = -p**3 + 157*p**2 - 491*p + 4426. Give d(154).
-40
Let g(w) = 383*w - 158186. Calculate g(413).
-7
Let h(a) = -2*a**2 + 24*a - 83. Give h(7).
-13
Let q(n) = -n**2 - 25*n - 221. Calculate q(-11).
-67
Let r(d) = -5*d**3 - 30*d**2 - 55*d - 330. What is r(-6)?
0
Let h(y) = y**2 - 82*y + 1578. Give h(31).
-3
Let t(b) = b**3 - 4*b**2 - 56*b + 207. Calculate t(7).
-38
Let y(b) = 2*b**2 - 32*b + 253. Calculate y(6).
133
Let u(v) = 2015*v - 2022. Give u(1).
-7
Let t(u) = -3*u - 123. Calculate t(-23).
-54
Let k(s) = 4*s**3 - 60*s**2 + 99*s + 10. Give k(13).
-55
Let g(a) = a**2 - 13*a + 41. What is g(10)?
11
Let f(l) = -8*l**2 - 45*l. What is f(-9)?
-243
Let y(p) = p**3 - 5*p**2 + 34*p - 80. Calculate y(3).
4
Let t(a) = -a**3 - 35*a**2 + 1588*a + 132. Give t(-61).
10
Let w(v) = -v**3 - 83*v**2 + 98*v + 8126. Determine w(-83).
-8
Let x(j) = 13538*j - 81229. What is x(6)?
-1
Let t(x) = -x**3 + 8*x**2 + 100*x - 96. Determine t(15).
-171
Let h(m) = 3*m**2 - 14*m + 44. Give h(4).
36
Let s(p) = -306*p**2 + 74*p - 74. Give s(1).
-306
Let d(r) = 5*r**3 + 24*r**2 - 14*r - 98. Calculate d(-5).
-53
Let o(q) = -q - 17. Determine o(-65).
48
Let j(l) = -l**3 + 29*l**2 - 77*l - 9. Give j(26).
17
Let y(f) = f**3 - 2*f**2 - 550*f + 2176. Give y(4).
8
Let c(g) = 15*g**3 + g**2 - 6*g. What is c(2)?
112
Let r(h) = h**3 + 90*h**2 + 870*h + 62. Calculate r(-79).
-17
Let b(k) = -k + 70. Calculate b(13).
57
Let z(t) = -48*t + 3448. Calculate z(72).
-8
Let z(v) = -v**3 + 8*v**2 - 329*v + 1893. Determine z(6).
-9
Let w(c) = -210*c + 17009. Give w(81).
-1
Let d(y) = 20*y + 1067. Calculate d(-60).
-133
Let o(c) = -c**2 + 30*c + 6279. Determine o(-66).
-57
Let v(d) = 26*d + 279. Give v(-6).
123
Let m(l) = -l**3 - 8*l**2 - 29*l - 6. Calculate m(-5).
64
Let o(p) = -6*p**3 + 515*p**2 + 74*p + 1035. Give o(86).
3
Let o(p) = p**3 + 2*p**2 - 24*p + 3. Calculate o(-7).
-74
Let n(a) = 438*a + 5706. What is n(-13)?
12
Let r(i) = -395*i - 14613. Give r(-37).
2
Let b(m) = -27*m - 242. Calculate b(-14).
136
Let f(j) = -5*j**2 + 5*j + 294. What is f(13)?
-486
Let x(i) = 3*i**2 - 337*i + 438. Determine x(111).
-6
Let k(b) = b**2 - 66*b - 26. Give k(67).
41
Let m(s) = s**3 + 86*s**2 + 881*s - 522. Determine m(-74).
-4
Let z(h) = h**3 + 13*h**2 + 37*h - 9. What is z(-4)?
-13
Let c(y) = 102*y + 307. Give c(-4).
-101
Let m(d) = d**3 - 52*d**2 + 313*d - 20. Calculate m(7).
-34
Let v(h) = -h**3 - 14*h**2 + 398*h + 186. Determine v(-28).
18
Let t(m) = -59*m + 296. Give t(4).
60
Let x(p) = -32*p**2 - 81*p - 303. Determine x(-4).
-491
Let m(u) = 2*u**2 + 70*u + 93. Calculate m(-32).
-99
Let j(l) = l**3 + 76*l**2 + 216*l - 41. Determine j(-73).
178
Let c(s) = -10955*s - 197194. Give c(-18).
-4
Let k(f) = -2*f**2 - 144*f + 1083. Give k(7).
-23
Let z(s) = 4*s**2 - 141*s - 35. Calculate z(36).
73
Let b(u) = -836*u**2 - 15047*u + 19. Give b(-18).
1
Let s(o) = 24*o - 307. Calculate s(13).
5
Let x(z) = -z**2 + 47*z + 261. Calculate x(51).
57
Let m(h) = h**2 + 85*h - 1308. What is m(13)?
-34
Let o(d) = -2*d**3 + 18*d**2 - 12*d - 8. What is o(9)?
-116
Let u(f) = -f**3 - 65*f**2 - 124*f + 116. What is u(-63)?
-10
Let h(x) = 3*x**3 - 16*x**2 - 62*x + 237. Calculate h(4).
-75
Let p(g) = -g**3 - 5*g**2 + 3*g - 8. What is p(0)?
-8
Let s(i) = -9*i**2 + 50*i + 10. Give s(6).
-14
Let y(v) = v**3 - 18*v**2 + 3*v - 64. Give y(16).
-528
Let m(s) = -s**2 - 50*s + 401. Calculate m(7).
2
Let u(f) = -f**3 - 101*f**2 + 1104*f - 680. Give u(-111).
-14
Let i(c) = -c**3 - 12*c**2 - 4*c - 87. Determine i(-14).
361
Let u(q) = -26*q + 1235. What is u(48)?
-13
Let w(f) = f**3 - 10*f**2 - f + 50. Give w(3).
-16
Let h(v) = v**3 + 11*v**2 + 10*v - 16. Determine h(-8).
96
Let s(o) = o**2 - 4*o + 90. Calculate s(10).
150
Let i(q) = 37*q + 1208. What is i(-32)?
24
Let x(u) = 395*u - 51352. What is x(130)?
-2
Let t(b) = -3*b**2 + 17*b + 237. Give t(-16).
-803
Let h(n) = -39*n + 2027. Calculate h(56).
-157
Let a(f) = 299*f - 3910. What is a(13)?
-23
Let v(m) = 3*m**2 + 41*m - 1644. Give v(-31).
-32
Let g(a) = 5*a**2 + 8*a - 71. Give g(3).
-2
Let z(k) = 1400*k + 8376. What is z(-6)?
-24
Let l(d) = 8*d**2 - 32*d + 93. Give l(3).
69
Let r(w) = 1069*w + 5387. What is r(-5)?
42
Let s(p) = -2*p**3 - 68*p**2 + 5*p + 199. What is s(-34)?
29
Let i(j) = -j**3 - 3*j**2 - 19*j - 63. Give i(-3).
-6
Let x(z) = -13*z + 62. Calculate x(-1).
75
Let v(f) = 44*f - 3634. Determine v(83).
18
Let t(f) = 11*f**3 - 130*f**2 - 29*f + 79. What is t(12)?
19
Let f(d) = -201*d**3 + 2013*d**2 - 32*d + 19. Determine f(10).
-1
Let v(w) = 68*w + 965. Determine v(-13).
81
Let s(z) = 7*z**2 + 526*z - 12. Calculate s(-75).
-87
Let f(x)